- 5. Let s(f) = 20*f + 255. Let r be s(-12). What is n(r)?
-5
Let j(x) be the third derivative of x**6/120 - 2*x**5/15 + x**4/8 + x**3 - 80*x**2. Give j(7).
-22
Let v(n) be the third derivative of 0 - 1/40*n**5 + 1/6*n**4 + 1/3*n**3 + 0*n - 5*n**2 - 1/360*n**6. Let w(j) be the first derivative of v(j). Give w(-3).
4
Let n(v) = -v**3 - 7*v**2 - 7*v - 4. Let a be n(-6). Let o(t) = -a*t**2 - 1 + 0 - 197*t + 201*t. Determine o(3).
-7
Let z(m) be the first derivative of -m**4 - m**3/3 + m**2/2 - m + 149. Give z(1).
-5
Let y be 15*1*(-9)/(-27). Let v(u) = 0 - 2 - y*u + 3*u + u. What is v(-3)?
1
Let l(v) = v**2 - v + 1. Let x be l(1). Let h be (-3)/1 + -1 + (-3 - -5). Let a be x/2*h - -4. Let p(f) = -3*f + 1. Determine p(a).
-8
Let w(s) = -221*s + 285. Let f(k) = -41*k + 57. Let n(z) = -11*f(z) + 2*w(z). Determine n(6).
-3
Let s(v) = -v**3 + v**2 - 1. Let b(w) = -2*w**2 + w - 1. Let o = -26 - -25. Let j(p) = o*b(p) - s(p). Determine j(0).
2
Let o(i) = -6*i - 1. Suppose -9 = 5*b - 2*b. Let l = b - 5. Let y = 10 + l. Determine o(y).
-13
Let i(y) = 3*y - 1. Let m = 5 + -3. Suppose 0 = 3*r - 2*a - 18, -5*r = -2*r - 3*a - 18. Suppose -r*t + 4*t = -m. What is i(t)?
2
Let h(t) = -t**3 - 9*t**2 - 14*t + 2. Let q be h(-7). Suppose -28 = -6*c + q*c. Let n(v) = v**3 - 6*v**2 - 6*v + 1. Give n(c).
8
Let d(n) = -275 + 272 - n + n + 3*n. Calculate d(2).
3
Let i(n) = 7*n**3 - 11*n**2 + 4*n - 7. Let w(f) = 6*f**3 - 10*f**2 + 3*f - 6. Let y = -76 + 82. Let v(r) = y*w(r) - 5*i(r). What is v(5)?
-11
Suppose -2*u - u - 5*o = -27, 2*o - 6 = 0. Let w(x) be the third derivative of 0*x - 5*x**2 + 2/3*x**3 + 1/15*x**5 - 1/120*x**6 - 1/12*x**u + 0. Calculate w(4).
-4
Let s(a) = 11*a**2 + 6*a + 45. Let z(m) = -13*m**2 - 6*m - 46. Let v(t) = 7*s(t) + 6*z(t). Calculate v(9).
12
Let q(b) = -b**2 - 8*b - 2. Let v be 2/4 - 1/((-4)/(-26)). Determine q(v).
10
Let c(r) = r - 2. Let v = -839 - -849. Calculate c(v).
8
Let u(f) = f - 89*f**2 - f**3 + 95*f**2 - 2 - 4*f - f. Give u(5).
3
Suppose -7*b + 2 = -8*b. Let f be -6 + -2 + b/2. Let x(i) = i**2 + 10*i + 12. Let a be x(f). Let w(y) = -y**2 + 3*y + 3. Calculate w(a).
3
Let u(q) = q**3 + 5*q**2 - q - 6. Let c(m) = m**2 + 17*m + 55. Let b be c(-12). Give u(b).
-1
Let k(g) = 6*g + 6. Let n(u) = 3*u + 2. Let z = 25 + -27. Let w be n(z). Give k(w).
-18
Let t(d) be the second derivative of -d**4/6 + 5*d**3/6 + 5*d**2/2 - 4*d - 19. Calculate t(5).
-20
Let o(w) be the first derivative of -w**4/4 + 2*w**3 - w**2 + 6*w + 38. Suppose -z + 5 = 3*z - 5*u, 2*z - 4 = 2*u. Give o(z).
21
Suppose -c = -8*l + 5*l - 4, -l + 4 = c. Let b(q) = c*q + 5*q + 3*q - 11*q. What is b(1)?
1
Let g be -1*(-3)/(-3)*0/1. Let f(d) be the third derivative of -1/24*d**4 - 3*d**2 + d**3 - 1/120*d**6 + 0*d + 7/60*d**5 + g. Give f(7).
-1
Let g(a) = -6*a**3 - 1. Let p be g(1). Let i(b) = -18*b + 6. Let h(n) = -13*n + 6. Let v(d) = 4*h(d) - 3*i(d). Give v(p).
-8
Let p(h) = -h + 2*h**2 - h**2 + 29*h**3 - 28*h**3. Let a(f) = -4*f**3 + 2*f**2 - 4*f - 11. Let t(s) = a(s) + 5*p(s). Determine t(-8).
-3
Let z = -1225 + 1231. Let j(s) = -s**2 + 4*s + 8. What is j(z)?
-4
Let o = -720 + 730. Let g(w) = w**3 - 10*w**2 - 4*w - 5. Determine g(o).
-45
Let u(s) be the second derivative of s**5/20 - 2*s**4/3 - 5*s**3/3 + s**2 + 91*s - 2. Let f = -10 + 19. Give u(f).
-7
Let n = -58 + 58. Suppose 2*t = -3*p - 10 + 4, n = 5*p. Let x(o) = 3*o + 4. Determine x(t).
-5
Let o(y) = y**2 + 2 + 0*y - 2*y - 2*y + 0*y. Let m(j) = j + 1. Let b(x) = -3*m(x) + o(x). Let u(z) be the first derivative of b(z). What is u(5)?
3
Let b(i) be the third derivative of -i**6/120 + i**5/12 + 7*i**4/24 - i**3/6 + i**2. Suppose -642 + 222 = -70*s. Give b(s).
5
Let o(j) = -j**2 - 2*j - 3. Let u(i) = 3*i**2 + 5*i + 10. Let b(h) = 7*o(h) + 2*u(h). Calculate b(-3).
2
Let a(t) = t**2 + 0*t**2 - 3 + 13*t - 8*t + 4. Let j(h) = h**3 + 11*h**2 + 18*h - 2. Let w be j(-9). Determine a(w).
-5
Let b(i) be the first derivative of i**4/6 + i**3/6 - i**2 - 3. Let r(h) be the second derivative of b(h). Determine r(3).
13
Suppose -3*a = -5*k + 80, 2*a = -k - 2 + 5. Let d(n) = 3*n - 12 - k + 0. Let o be d(10). Let g(p) = p**2 - 3*p - 2. What is g(o)?
8
Suppose 15*b + 2*b - 68 = 0. Suppose -5*y - 32 = 3*u, 0*y + b*y = -u - 20. Let t(i) = -i**3 - 4*i**2 - 6*i - 5. Calculate t(y).
19
Let q be (-90)/21 + 3 + 10/35. Let y(v) = 21*v**3 - 2*v**2 + 1. Calculate y(q).
-22
Suppose 3*l - o - 1 = 4*o, 4*l - 4*o = 4. Let r(j) = 14*j**2 + 19*j**l + j**3 - 2*j**3 + 3 - 39*j**2. What is r(-6)?
3
Let c(z) = -2*z**2 - 33*z + 7. Let n be c(-16). Let p(o) = -o**3 + 22*o**2 + 22*o + 20. Let q be p(n). Let u(x) = x**2 + 2*x - 1. Calculate u(q).
2
Suppose 3*g - 1 = 5. Suppose 0 = -g*m + 6, -3 = 3*n + m + 2*m. Let l(a) be the third derivative of a**6/120 + a**5/12 + 5*a**4/24 + a**3/3 - a**2. Give l(n).
-2
Let l = -8 + 10. Let i(k) = -k + 4. Let b be i(l). Let n(c) = 2*c. Give n(b).
4
Suppose 5*m + 5 = 5*l, 4*l - 5*m - 2 = 3. Let b(j) = -13 - 326*j**2 + 177*j**2 + j + 150*j**2. Give b(l).
-13
Let l(d) be the second derivative of d**5/20 - 5*d**4/12 - 4*d**3/3 + 9*d**2/2 + 5*d - 9. Let u be (1 + -10)/((-3)/2). Give l(u).
-3
Let c be (6 - -4) + -5 + -3. Let b(l) be the first derivative of l + 3/2*l**c + 8 - 1/3*l**3. Calculate b(-2).
-9
Let j(u) = 9*u - u - u + 2 - 5*u. Suppose 0 = -5*o - 35 + 5. Give j(o).
-10
Let f = 2 - 0. Let w(i) = 2*i**2 + i. Determine w(f).
10
Let i be 624/(-108) + (-2)/9. Let q(a) = a - 4. Let d(o) = 4*o + 1. Let r(t) = t. Let f(g) = -d(g) + 3*r(g). Let n(v) = 2*f(v) + q(v). What is n(i)?
0
Let x be (2 + 1 + -7)*54/72. Let p(w) = 6*w - 7. Determine p(x).
-25
Let k(j) be the third derivative of -j**5/60 - 5*j**4/24 + j**3/2 - 12*j**2. Let b(h) = -2*h**2 - 6*h + 4. Let x(p) = 2*b(p) - 3*k(p). Calculate x(4).
-5
Let j = 28 + -30. Let c(q) = q**2 + q. Let v(b) = 3*b**2 + 5*b + 1. Let f(z) = j*c(z) + v(z). Suppose -n + 3 = 8. Determine f(n).
11
Let m(d) = -2*d + 2*d - 3*d + 10*d - 6*d + 4. Give m(0).
4
Let a(c) = 935012 + c - 935012. What is a(10)?
10
Let p(r) = -4*r - 2. Let w(u) = 2*u**2 - u + 2. Let y be w(1). Suppose 5*d + 4*v + 5 = 3*v, d = y*v - 17. What is p(d)?
6
Let j(n) = n**2 + 4*n - 3. Let w = -23 - -19. What is j(w)?
-3
Let i(p) be the first derivative of -9 + 0*p + 3/2*p**2. Let m = 3 - -2. What is i(m)?
15
Suppose 0 = -3*s + 14 + 28. Let j(x) = x**2 - 13*x - 19. What is j(s)?
-5
Let l(p) = p**3 + p**2. Let o be 3/(-5) + 47*18/(-15). Let s = o - -56. Give l(s).
0
Let v(p) be the first derivative of -p**4/4 - 4*p**3/3 + 163. Determine v(-4).
0
Let g(x) = -2*x. Let a = 993 - 990. What is g(a)?
-6
Let z(a) be the third derivative of a**6/360 + a**5/120 - a**4/8 + 9*a**3/2 - 11*a**2. Let i(q) be the first derivative of z(q). Give i(3).
9
Let h be (-2 - -14)*2/(-3)*1. Let a be h/(-6)*(4 + -7). Let y(t) = t**3 + 5*t**2 + 4*t + 5. Calculate y(a).
5
Let u(j) be the second derivative of -j**7/840 - j**6/180 + j**5/20 + j**4/24 - 19*j**3/6 + 13*j. Let b(m) be the second derivative of u(m). Give b(-4).
9
Let z(i) = -i**2 + 3. Let c = 50 - 52. Let q = -2 - -1. Let b be -4 + (q - c/1). What is z(b)?
-6
Let f(a) be the first derivative of a**5/60 + a**4/3 + 7*a**3/6 + a**2/2 - 1. Let x(b) be the second derivative of f(b). Let l be 1308/1199*(-11)/2. Give x(l).
-5
Let b be (4/(-4))/1*-3. Suppose -2*w - 10 = 0, -3*x + x + b = w. Let u(k) = -2*k**2 + k + 6 + 3*k**2 - 4*k - x*k. Determine u(6).
0
Suppose -395 = -54*o - 71. Let y(x) = -3*x - 14. What is y(o)?
-32
Let m(d) = 5 + 4 - 158*d - 155*d + 481*d - 162*d. Determine m(-4).
-15
Let d(v) = 4*v**2 + 6*v + 7. Let t(q) = 9*q**2 + 13*q + 15. Let r(y) = -13*d(y) + 6*t(y). Let s(w) = 12*w - 205. Let l be s(17). Give r(l).
1
Let d be -8*18/(-12)*(-2)/3. Let l(t) = t**2 + 12*t + 5. Determine l(d).
-27
Let y(a) be the first derivative of -a**3/3 - a**2 + 7*a + 8. Let t(k) be the first derivative of y(k). Let l be (-2)/7 - (-12)/(-7). Give t(l).
2
Let w(y) be the second derivative of -y**6/360 - y**5/60 - y**4/12 + 11*y**3/6 + 2*y. Let u(h) be the second derivative of w(h). Give u(-2).
-2
Let k(v) be the second derivative of v**3/3 - 3*v**2/2 + 75*v. What is k(4)?
5
Let v(g) = -g - 1. Let q(t) = t**3 + 9*t**2 - 10*t - 9. Let h be q(-10). Let k be -2*(-3)/h*3. Calculate v(k).
1
Suppose 3*d - 15 = -2*y,